r - 1 = 0. Let n(l) = -13*l**2 + 6. Let i(q) = 12*q**2 - 5. Let x(o) = -6*i(o) - 5*n(o). Determine x(r).
-7
Let g(f) = -6*f**2 + f + 13. Let s(b) = 5*b**2 - 12. Let n(w) = 6*g(w) + 7*s(w). Give n(4).
2
Suppose -2*o - 2*o + 8 = 0. Let l(i) = -3 + o - 2*i + 2 + 3*i**2. Determine l(2).
9
Suppose 5*n + 5 = 5*h, 0*h + 12 = 3*h. Let c be 2/n - 32/12. Let a(b) = 5*b**2 - 3*b**2 + 2*b**2 - 5*b**2. Determine a(c).
-4
Let r(k) = k**3 + 6*k**2 - 6*k + 9. Let j be r(-7). Let y(b) = -5*b + 2*b + 2 - 5*b**j + 4*b + b**3 + b. Determine y(4).
-6
Let l(s) = s - 9. Let r(o) = -2*o + 10. Let j(z) = 5*l(z) + 4*r(z). What is j(-5)?
10
Let b = -46 - -48. Let x(v) = -3*v. Determine x(b).
-6
Let p(r) = -4*r**3 + 2*r - 1. Let j(q) = 5*q**3 - q**2 - q. Let m(x) = -2*j(x) - 3*p(x). Give m(2).
19
Let a(y) = -y. Let v(i) = -9*i. Let k(m) = 2*a(m) - v(m). What is k(-1)?
-7
Let q be 3*5/((-30)/(-8)). Let a(d) = -q*d - 1 - 4 + d + 4*d. Calculate a(5).
0
Let v(q) = -3*q**3 - 7. Let y(o) = 2*o**3 + o**2 + o + 6. Let j(h) = 3*v(h) + 4*y(h). Let a = -3 - -8. Give j(a).
-2
Suppose 5*d + 5 = 0, 0*d = 4*f + d + 21. Let t = -4 - -7. Let k(z) = 5 - 3*z + t*z + 2*z. Determine k(f).
-5
Let x(a) = 3*a**2 + 5*a + 2. Let z(i) = 4*i**2 + 2*i - 2. Let r be z(-2). Let y be 12/(-10)*r/4. What is x(y)?
14
Let z(l) = 3*l**2 - 3*l + 9. Let b(x) = -2*x**2 + x - 5. Let w(u) = 5*b(u) + 3*z(u). Let d = -16 + 11. Calculate w(d).
-3
Let l(w) = -4 - 2*w**2 + 1 + 6 - 1 + w. Calculate l(2).
-4
Let q(u) = u - 1. Let j(n) = -12*n + 14. Let d(l) = 2*j(l) + 22*q(l). Calculate d(4).
-2
Let k(r) = -r**3 - 10*r**2 - 9*r + 3. Let n be k(-9). Let l(c) = c**2 + 1. Let w(j) = j**3 - 6*j**2 + j - 6. Let a(b) = -3*l(b) - w(b). Give a(n).
0
Let y(w) be the second derivative of w**5/20 - w**4/3 + w**3/3 + w. Let d(m) = 4*m - 4. Let c be d(4). Suppose 2*l - c = -2*l. What is y(l)?
-3
Let g = 2 + -7. Let v(l) = 5*l**2 + 10*l - 6. Let i(f) = -11*f**2 - 21*f + 12. Let q(p) = 4*i(p) + 9*v(p). Determine q(g).
-11
Let d = 1 + 1. Let m be 0 - (1 + d)/(-3). Let l be (-2)/((-9)/(-15) - m). Let u(h) = h - 5. Give u(l).
0
Let j be 21/(-14)*16/6. Let s(l) = 2*l. What is s(j)?
-8
Let z(f) be the second derivative of f**5/20 + f**4/12 - f**3/2 - f**2 - 21*f. What is z(-2)?
0
Let r = 9 + -5. Let p(y) = -y**2 + 0*y**2 + r*y + 0*y. Suppose m + 20 = 6*m. Calculate p(m).
0
Suppose 5*h - 32 = -4*t, -t - 13 = -2*h - 2*h. Let x(y) = -y + 2*y**2 - 3*y**2 - t + 2 + 0. Give x(-2).
-3
Let n(a) be the third derivative of 1/24*a**4 - 1/120*a**6 + 0*a**5 + 0 - 7/6*a**3 + 4*a**2 + 0*a. What is n(0)?
-7
Let k(a) = -a**3 - 9*a**2 - 8*a + 1. Suppose 4 = d + 4*f, -d - 4*f = -2*d - 20. Give k(d).
1
Let c(k) = k + 4. Suppose 0 = -4*j - 4*r - 2 - 2, 2*j + 5 = r. What is c(j)?
2
Let c(s) = 7 - 2 + 7*s - s**2 + 0*s**2. Suppose 4*h - 15 + 3 = -4*b, 2*b + 22 = 2*h. Determine c(h).
5
Let g be (1/(-2))/(9/(-126)). Let j(x) = x**2 - 7*x - 3. Determine j(g).
-3
Let g(d) = d**2 - d - 6. Let p(m) = 6 + 8 - 3*m**2 + 4*m + 3 + 0. Let k(r) = -11*g(r) - 4*p(r). What is k(4)?
-6
Let k(w) = -8*w + 3 - 1 + 5*w**2 - 10 + w**3. Give k(-6).
4
Let t(p) = -p**2 + 7*p**3 - 4*p**3 + 9 - 8 - p. Let d = -5 - -10. Suppose -3*s - 9 = 0, -s = d*r - 0*r - 2. What is t(r)?
2
Let m(c) = -c**3 - 6*c**2 + 3. Let w be m(-6). Let f(r) be the third derivative of -r**6/120 + r**5/20 - r**4/24 - 7*r**2. Determine f(w).
-3
Let x(z) = 2*z**2 + 15*z + 11. Let s(n) = n**2 + 7*n + 5. Let m(u) = -5*s(u) + 2*x(u). Calculate m(-6).
-9
Let n = 1 - -1. Let z(h) = -h**n + 0*h**2 - h**3 + 0*h**3 + 6*h**2 + 1. What is z(5)?
1
Let j be (-4)/22 + (237/33 - 6). Let w(z) be the first derivative of -j + 1/2*z**2 + z. What is w(6)?
7
Let u be ((-2)/8*0)/3. Suppose b - 3*z + 2 = -0*b, 2*z - 2 = u. Let v(a) = 5*a + 1. Give v(b).
6
Suppose -2*n - 8 = 2*n. Let q(r) = -2*r - 3. Let v be q(n). Let h(b) = 2*b - v + 0*b - 5*b. Give h(-2).
5
Let y be -15*(2/(-3))/2. Let m = 4 - y. Let r(h) = -11*h**3 - 2*h**2 - h. Calculate r(m).
10
Let w(c) = -10*c**3 + 2*c**2 - c. Suppose -8*b - 3 = -11. What is w(b)?
-9
Suppose 3*b = 14 + 1. Let c = 12 + -11. Suppose -2*q = -b*p + 9 - c, -5*q - 20 = 3*p. Let i(k) = k**2 + 2. What is i(p)?
2
Let h(u) = -u**2 - 15*u + 5. Let m(l) = l**2 + 14*l - 4. Let o(z) = -5*h(z) - 6*m(z). Determine o(-9).
-1
Let q(o) = -o - 4. Let x(l) be the first derivative of 4*l + 3. Let m(a) = -3*q(a) - 4*x(a). Give m(3).
5
Let p(k) = -1. Let y(q) be the first derivative of q**2/2 - 9*q - 1. Suppose 5*t = 7 + 8. Let j(s) = t*p(s) - y(s). Give j(0).
6
Let z(r) = 2*r - 3. Suppose -n + 8 = 42. Let h = 23 + n. Let a = -8 - h. What is z(a)?
3
Let w(i) be the third derivative of -i**5/60 - 13*i**4/24 - 5*i**3/2 - 3*i**2 + 10*i. Calculate w(-11).
7
Let m(u) be the second derivative of -u**5/20 - 5*u**4/12 + 7*u**3/6 + 9*u**2/2 + u. Let v(b) = -7*b - 153. Let c be v(-21). Calculate m(c).
3
Let a(k) = -k - 8. Let z = 2 - 7. What is a(z)?
-3
Let n(l) = -l**2 + 7*l + 5. Let b be n(7). Let y = b + -4. Let w(q) = -q**2 + 2*q. Calculate w(y).
1
Let t(n) = 6 + 0*n**2 + 2 + n**2 - 13. Calculate t(0).
-5
Let w(l) = -7*l**3 - 6*l - 7. Let q(x) = 8*x**3 + 7*x + 8. Let n(i) = -6*q(i) - 7*w(i). Determine n(2).
9
Suppose 0*z - z = 1. Let j = z - -3. Let b(v) = -2*v**j - 5*v + 0*v + v**2 + 5. Give b(-5).
5
Let w(l) = -7*l - 1. Let s(i) = 15*i + 2. Let r(k) = -6*s(k) - 13*w(k). Determine r(-6).
-5
Let k = -2 - -3. Suppose -1 + 13 = 4*s - 4*r, 3*r = s - 3. Let d(v) = -8*v**2 - 1 + 1 - s + v + 2. Calculate d(k).
-8
Let m(p) = -p + 4. Let a be 1 + -2 + 3 - 1. Let f = -3 - a. What is m(f)?
8
Let z(q) be the third derivative of q**6/60 - q**5/20 - 5*q**4/24 + 2*q**3/3 + 9*q**2. What is z(3)?
16
Let b(n) = n**3 - 2*n**2 + 2*n**2 - 4*n**2 - 4. Let q(g) = g**3 - 3*g**2 - 2*g - 4. Let l be q(4). Determine b(l).
-4
Let o(p) be the first derivative of 3*p**4/4 + p**3/3 - p**2 + p - 9. What is o(-2)?
-15
Let z = 0 - 0. Let m(t) = -t - t**3 + 5*t**2 + 3 + 2*t + z - 4*t**2. Calculate m(0).
3
Let j(q) = -q**3. Let v(n) = -7*n**3 + 5*n**2 - 2*n + 4. Let t(r) = -6*j(r) + v(r). Give t(5).
-6
Let x(f) = -4*f**2 + 2*f + 1. Let c be x(3). Let i = c - -24. Let u(h) be the second derivative of -h**5/20 - h**4/2 - 5*h**3/6 - h. Give u(i).
0
Suppose 0 = h - 12 + 11. Let s(j) = h + 0 - j + 1. What is s(6)?
-4
Let d(r) = 7*r + 4*r**2 - 3*r**2 - 2 - 3 - 2*r**2. Calculate d(5).
5
Let r = -2 - -3. Let x(f) = r - 2*f - 1 + 2*f**2 - 2. Calculate x(2).
2
Let d(x) = -x**2 + 2*x - 2. Let r(s) = s**2 + s - 4. Suppose 4*q - 2 = 2*y - 0, 7 = -2*y - q. Let t be r(y). What is d(t)?
-2
Let f(m) = -m**3 + 8*m**2 + 8*m + 11. Let l = 67 - 58. Calculate f(l).
2
Let h(u) be the second derivative of 1/12*u**4 - 4*u - 1/2*u**2 + 1/3*u**3 - 1/20*u**5 + 0. Give h(-2).
7
Let q(o) = -7*o**3 - 12*o**2 - 6*o - 4. Let d(s) = 6*s**3 + 11*s**2 + 5*s + 4. Suppose 4*a = 8*a - 24. Let h(b) = a*d(b) + 5*q(b). Give h(-6).
4
Let i(b) = 2*b**2 + 1 + 6*b**2 + 3*b - 7*b**2. Let c be 2/(-6) + (-11)/3. Determine i(c).
5
Let n = 6 - 11. Let d be 110/4*4/n. Let c be (-2)/4 - d/(-4). Let x(t) = -t - 7. Determine x(c).
-1
Let c(q) = -q**2 + q + 1. Let m(j) = j**2 - 1 + 2*j - 5*j - 3*j + 2*j. Let f(t) = 3*c(t) + m(t). Let g = -1 - 1. Determine f(g).
-4
Let s(z) be the third derivative of -z**4/24 + z**3/2 + 3*z**2. Determine s(6).
-3
Let h(o) be the third derivative of o**8/1680 + o**7/1260 - o**5/120 + o**4/24 - o**2. Let u(a) be the second derivative of h(a). Calculate u(-1).
-3
Let d(f) = 2*f**2 + 5*f + 1 - 5*f**2 + 4 + 2*f**2. Determine d(7).
-9
Let z(s) be the first derivative of s**2 + 2. Let h be -4 + (0 - (0 - 1)). Determine z(h).
-6
Let r(g) = g**2 + 5*g + 2*g**2 + 0*g**2 - 4*g. What is r(-2)?
10
Let o(l) = 2*l - 1. Let g be o(3). Let p(y) = -y. Let j(z) = 1. Let h(r) = j(r) - p(r). Determine h(g).
6
Let h(u) = -2*u - 7. Let y = 3 + -1. Suppose -y*z = 5*r - z - 35, 28 = 3*r + 2*z. Let a be (-4)/r*-3 + -7. Determine h(a).
3
Let f(t) = 15*t + 2*t**2 - 4*t + t - 4. Let x be f(-6). Let u(w) = 0*w**2 + 3*w**2 - w - 2*w + w**3. Give u(x).
-4
Let o(r) = 38*r + 42*r - 9 - 78*r. Determine o(6).
3
Let x(f) be the second derivative of f**3/6 + 2*f. Let v be x(4). Let p(i) = -i + 0 - 4 - 1 + i**2. Calculate p(v).
7
Let q(a) = a**3 + 4*a**2 + 2*a - 4. Let k(z) = -z**3 - 5*z**2 - 2*z + 5. Suppose -h + 2*j 